True
Is 1176280 a multiple of 40?
True
Is 481740 a multiple of 70?
True
Does 318 divide 356478?
True
Does 12 divide 4529988?
True
Is 342729 a multiple of 502?
False
Is 2554153 a multiple of 8?
False
Is 835444 a multiple of 49?
False
Is 4465823 a multiple of 27?
False
Does 137 divide 613075?
True
Does 17 divide 642057?
False
Is 27524 a multiple of 4?
True
Is 1317832 a multiple of 49?
False
Is 32815535 a multiple of 72?
False
Is 782068 a multiple of 742?
True
Is 3 a factor of 397232?
False
Is 10 a factor of 100950?
True
Does 343 divide 13467?
False
Is 85 a factor of 2242895?
True
Is 2245308 a multiple of 156?
True
Is 2912560 a multiple of 5?
True
Does 424 divide 2269031?
False
Does 17 divide 148090?
False
Is 93 a factor of 93551?
False
Is 764 a factor of 1070210?
False
Is 95 a factor of 832336?
False
Does 9 divide 5824296?
True
Is 298563 a multiple of 93?
False
Does 5 divide 10420?
True
Is 11864320 a multiple of 640?
True
Is 1215542 a multiple of 298?
True
Is 31 a factor of 85065?
False
Is 318135 a multiple of 167?
True
Does 8 divide 179300?
False
Is 18 a factor of 94374?
True
Is 624502 a multiple of 25?
False
Is 11566305 a multiple of 10?
False
Is 11885529 a multiple of 32?
False
Is 3 a factor of 8215862?
False
Does 14 divide 182723?
False
Is 106739 a multiple of 14?
False
Is 573497 a multiple of 108?
False
Is 8 a factor of 926705?
False
Is 3205895 a multiple of 385?
True
Is 1569750 a multiple of 35?
True
Is 243136 a multiple of 524?
True
Does 339 divide 4601586?
True
Is 56 a factor of 1729168?
True
Is 303 a factor of 152425?
False
Is 267044 a multiple of 661?
True
Is 15 a factor of 514755?
True
Is 362279 a multiple of 61?
True
Is 3637903 a multiple of 19?
False
Does 17 divide 182971?
True
Does 117 divide 13689?
True
Does 12 divide 3691455?
False
Does 6 divide 451107?
False
Is 7 a factor of 3386691?
True
Is 166549 a multiple of 36?
False
Does 12 divide 612706?
False
Is 14679 a multiple of 2?
False
Is 742270 a multiple of 267?
False
Is 165 a factor of 24877545?
True
Is 25 a factor of 2720885?
False
Is 6 a factor of 3613093?
False
Does 107 divide 15831292?
True
Is 230 a factor of 269560?
True
Does 471 divide 5447115?
True
Does 50 divide 4524988?
False
Is 557842 a multiple of 181?
True
Does 359 divide 280879?
False
Is 6139589 a multiple of 70?
False
Does 13 divide 4376437?
True
Does 75 divide 1947825?
True
Is 134710 a multiple of 709?
True
Is 235846 a multiple of 26?
True
Is 5 a factor of 943405?
True
Is 319 a factor of 500216?
False
Is 51598 a multiple of 41?
False
Is 32508 a multiple of 84?
True
Does 6 divide 1348830?
True
Is 30280 a multiple of 5?
True
Does 19 divide 2009245?
False
Does 147 divide 83632?
False
Is 63478 a multiple of 156?
False
Is 133340 a multiple of 20?
True
Is 2763930 a multiple of 494?
True
Does 217 divide 142948?
False
Is 133 a factor of 102676?
True
Does 56 divide 687176?
True
Is 10 a factor of 333620?
True
Is 1440710 a multiple of 64?
False
Is 638755 a multiple of 317?
True
Is 289 a factor of 11046066?
False
Is 253000 a multiple of 110?
True
Is 2333888 a multiple of 87?
False
Does 101 divide 5656?
True
Does 342 divide 4024032?
False
Does 410 divide 43745?
False
Is 637 a factor of 981617?
True
Is 15 a factor of 1455?
True
Does 52 divide 28353?
False
Is 11 a factor of 3448528?
False
Does 8 divide 536206?
False
Is 14 a factor of 29878?
False
Is 33 a factor of 45819?
False
Does 3 divide 1478158?
False
Is 107360 a multiple of 80?
True
Is 1153756 a multiple of 38?
True
Is 191490 a multiple of 463?
False
Is 169 a factor of 968482?
False
Is 324 a factor of 22748115?
False
Is 30 a factor of 3014146?
False
Is 15547 a multiple of 7?
True
Is 9 a factor of 118386?
True
Does 81 divide 67797?
True
Does 319 divide 2670898?
False
Does 473 divide 540639?
True
Is 735 a factor of 2530605?
True
Is 299884 a multiple of 26?
True
Is 1905 a multiple of 4?
False
Is 5606 a multiple of 8?
False
Is 267 a factor of 289542?
False
Is 232260 a multiple of 294?
True
Is 10 a factor of 1535410?
True
Is 292075 a multiple of 25?
True
Does 431 divide 153821?
False
Is 38 a factor of 1854210?
True
Is 200 a factor of 673800?
True
Is 147233 a multiple of 105?
False
Does 122 divide 139690?
True
Does 4 divide 71188?
True
Is 499172 a multiple of 86?
False
Does 109 divide 4616350?
False
Is 9657582 a multiple of 66?
True
Is 79206 a multiple of 86?
True
Is 3173415 a multiple of 15?
True
Does 635 divide 149538?
False
Does 624 divide 17472?
True
Is 221 a factor of 180355?
False
Is 14 a factor of 3664066?
True
Does 2 divide 13203?
False
Is 73 a factor of 168776?
True
Is 27 a factor of 152787?
False
Does 4 divide 420359?
False
Is 201807 a multiple of 27?
False
Is 511188 a multiple of 28?
False
Is 569613 a multiple of 532?
False
Is 6 a factor of 83911?
False
Does 106 divide 515796?
True
Does 124 divide 2511981?
False
Does 48 divide 117600?
True
Does 9 divide 25145?
False
Is 206 a factor of 36668?
True
Is 334828 a multiple of 301?
False
Does 153 divide 88989?
False
Is 56 a factor of 147985?
False
Does 471 divide 53223?
True
Is 1970139 a multiple of 111?
True
Is 274 a factor of 1646996?
False
Is 39977098 a multiple of 1327?
False
Does 555 divide 839179?
False
Is 163 a factor of 2107916?
True
Is 38 a factor of 1082240?
True
Is 11 a factor of 151899?
True
Is 13 a factor of 272051?
True
Is 632555 a multiple of 23?
False
Does 3 divide 110181?
True
Does 70 divide 1988070?
True
Is 1326780 a multiple of 6?
True
Does 58 divide 102370?
True
Is 2 a factor of 1096407?
False
Does 439 divide 12883?
False
Is 317826 a multiple of 82?
False
Does 998 divide 15008922?
True
Does 25 divide 1602632?
False
Does 28 divide 94808?
True
Is 23 a factor of 192303?
True
Is 644 a factor of 648026?
False
Is 6 a factor of 15042?
True
Does 28 divide 325584?
True
Does 105 divide 1464015?
True
Does 1283 divide 4740685?
True
Does 56 divide 1671096?
True
Is 22 a factor of 743556?
True
Is 1881536 a multiple of 64?
True
Is 224 a factor of 127904?
True
Does 325 divide 767412?
False
Is 26 a factor of 8405220?
False
Does 44 divide 11366652?
True
Is 604 a factor of 5938589?
False
Is 829 a factor of 2671038?
True
Does 24 divide 117168?
True
Is 190 a factor of 15238?
False
Is 314209 a multiple of 7?
True
Is 2 a factor of 1924025?
False
Does 4 divide 1386347?
False
Is 111757 a multiple of 16?
False
Is 1288583 a multiple of 34?
False
Is 524 a factor of 737268?
True
Is 170 a factor of 153680?
True
Does 486 divide 3738798?
True
Does 260 divide 74512?
False
Does 29 divide 344752?
True
Does 31 divide 6510?
True
Is 178 a factor of 8375256?
True
Does 1218 divide 1361724?
True
Does 1921 divide 6996389?
False
Is 2421430 a multiple of 110?
True
Does 39 divide 2157012?
True
Does 551 divide 667261?
True
Does 39 divide 13251?
False
Is 574067 a multiple of 36?
False
Does 3 divide 3063?
True
Is 272217 a multiple of 26?
False
Does 15 divide 14760?
True
Does 301 divide 7347711?
True
Is 3 a factor of 13815?
True
Is 126 a factor of 264521?
False
Is 287 a factor of 850381?
True
Does 18 divide 403181?
False
Is 1339138 a multiple of 10?
False
Does 14 divide 9748256?
True
Does 8 divide 371057?
False
Does 80 divide 1802113?
False
Is 176 a factor of 167665?
False
Is 52 a factor of 37155?
False
Is 4619819 a multiple of 97?
True
Is 476410 a multiple of 25?
False
Does 147 divide 98049?
True
Is 9 a factor of 1606324?
False
Is 36224268 a multiple of 1856?
False
Is 174 a factor of 131892?
True
Does 8 divide 5443848?
True
Is 33600 a multiple of 7?
True
Is 28 a factor of 177240?
True
Is 173284 a multiple of 23?
False
Does 20 divide 299899?
False
Is 162 a factor of 168569?
False
Does 202 divide 20620160?
True
Is 169585 a multiple of 12?
False
Is 71 a factor of 1282216?
False
Does 206 divide 448050?
True
Does 30 divide 132930?
True
Does 113 divide 1522521?
False
Does 941 divide 6913527?
True
Is 126 a factor of 1327158?
True
Is 14 a factor of 60228?
True
Is 634362 a multiple of 7?
False
Is 2908938 a multiple of 646?
True
Does 603 divide 404613?
True
Does 222 divide 379620?
True
Is 70 a factor of 54307?
False
Is 7 a factor of 922474?
True
Is 14 a factor of 1076716?
False
Is 5631738 a multiple of 8?
False
Is 2210340 a multiple of 15?
True
Is 1144428 a multiple of 49?
False
Is 117 a factor of 8376881?
False
Does 669 divide 161229?
True
Is 28 a factor of 3